5601 composite?
True
Is 27089 a composite number?
True
Is 9439 prime?
True
Is 520193 a prime number?
True
Is 13147 prime?
True
Is 60281 a composite number?
True
Is 61735 a prime number?
False
Is 175291 composite?
False
Is 3659 a composite number?
False
Is 327401 a composite number?
False
Is 14971 a composite number?
True
Is 7169 prime?
False
Is 668357 a prime number?
False
Is 2195 prime?
False
Is 473249 a prime number?
False
Is 158959 composite?
False
Is 631 prime?
True
Is 25049 a prime number?
False
Is 17231 a prime number?
True
Is 37273 a composite number?
False
Is 562859 a prime number?
False
Is 15229 prime?
False
Is 1400331 composite?
True
Is 9103 a prime number?
True
Is 25 composite?
True
Is 354953 prime?
True
Is 52667 a composite number?
False
Is 780211 composite?
False
Is 3819943 a prime number?
True
Is 208991 prime?
True
Is 8922359 a prime number?
True
Is 25202 prime?
False
Is 157 prime?
True
Is 17021 prime?
True
Is 2809 composite?
True
Is 1289749 a composite number?
False
Is 6731 composite?
True
Is 29287 a composite number?
False
Is 5501 composite?
False
Is 1399 prime?
True
Is 171142 composite?
True
Is 352991 composite?
False
Is 134327 composite?
False
Is 57623 a prime number?
False
Is 3251 prime?
True
Is 140317 a composite number?
False
Is 165343 composite?
False
Is 3899 a composite number?
True
Is 12289 a prime number?
True
Is 60715 prime?
False
Is 23513 a prime number?
False
Is 5923 a prime number?
True
Is 259951 a prime number?
False
Is 187309 a prime number?
False
Is 423403 prime?
True
Is 58937 prime?
True
Is 141389 a prime number?
False
Is 2837 prime?
True
Is 31687 a prime number?
True
Is 135637 composite?
False
Is 412283 composite?
True
Is 6934 a composite number?
True
Is 1735421 composite?
False
Is 523801 prime?
True
Is 17809 a prime number?
False
Is 478339 prime?
True
Is 38789 prime?
False
Is 2819 a composite number?
False
Is 5557 prime?
True
Is 11509 composite?
True
Is 35051 composite?
False
Is 71977 a prime number?
False
Is 1069 prime?
True
Is 10929 a prime number?
False
Is 19049 a prime number?
False
Is 18301 a composite number?
False
Is 63641 a prime number?
False
Is 3691 composite?
False
Is 17159 prime?
True
Is 5007 a composite number?
True
Is 52106 a prime number?
False
Is 62887 a prime number?
False
Is 239357 a prime number?
True
Is 15419 a prime number?
False
Is 3377 composite?
True
Is 1101013 composite?
True
Is 276127 a prime number?
False
Is 76871 a composite number?
False
Is 574279 a composite number?
False
Is 14101 prime?
False
Is 156551 a composite number?
True
Is 2391 a composite number?
True
Is 340441 prime?
False
Is 19373 composite?
False
Is 991255 a composite number?
True
Is 2047 composite?
True
Is 17783 a prime number?
True
Is 137809 a composite number?
True
Is 623 prime?
False
Is 3985 a prime number?
False
Is 12319 a composite number?
True
Is 6947 prime?
True
Is 752861 composite?
False
Is 12143 a composite number?
False
Is 87 prime?
False
Is 21479 a prime number?
False
Is 1045633 a prime number?
True
Is 219433 composite?
False
Is 2532079 a prime number?
False
Is 2334803 a prime number?
True
Is 69383 prime?
True
Is 613595 a composite number?
True
Is 1257 prime?
False
Is 4507 a prime number?
True
Is 6045431 composite?
True
Is 5533 composite?
True
Is 10831 a composite number?
False
Is 71023 a prime number?
True
Is 403 a prime number?
False
Is 102701 prime?
True
Is 325279 a prime number?
False
Is 83047 prime?
True
Is 22641 composite?
True
Is 4007 a composite number?
False
Is 1927 composite?
True
Is 11791 a composite number?
True
Is 7349 a composite number?
False
Is 5779 prime?
True
Is 1693321 a composite number?
True
Is 910171 a composite number?
False
Is 19777 composite?
False
Is 10247 a composite number?
False
Is 1225603 composite?
False
Is 75593 prime?
False
Is 74471 prime?
True
Is 151213 composite?
False
Is 17077 prime?
True
Is 9521 prime?
True
Is 2411 a composite number?
False
Is 22853 a composite number?
False
Is 4619 prime?
False
Is 143909 prime?
True
Is 5298341 a prime number?
True
Is 12839 prime?
False
Is 1896847 prime?
True
Is 121921 prime?
True
Is 991 composite?
False
Is 35657 a prime number?
False
Is 12247 a prime number?
False
Is 167 composite?
False
Is 27533 composite?
True
Is 1334681 composite?
False
Is 15569 a prime number?
True
Is 1102529 composite?
True
Is 573131 composite?
True
Is 58937 prime?
True
Is 7941 prime?
False
Is 3044885 a composite number?
True
Is 6991 a prime number?
True
Is 234349 prime?
False
Is 1657 a composite number?
False
Is 53837 composite?
True
Is 9813 a prime number?
False
Is 46862 composite?
True
Is 255293 a composite number?
True
Is 1358411 a prime number?
True
Is 14477 a prime number?
False
Is 44257 a prime number?
True
Is 16771 prime?
False
Is 16301 composite?
False
Is 89 prime?
True
Is 8953 prime?
False
Is 3569 composite?
True
Is 12451 composite?
False
Is 12583 prime?
True
Is 346639 a prime number?
True
Is 365 a prime number?
False
Is 31511 a composite number?
False
Is 560041 a prime number?
False
Is 125915 a composite number?
True
Is 5469 composite?
True
Is 7439 composite?
True
Is 584851 prime?
False
Is 15497 prime?
True
Is 100649 a prime number?
True
Is 83287 prime?
False
Is 1801 composite?
False
Is 303257 prime?
True
Is 42509 a prime number?
True
Is 282445 prime?
False
Is 48803 composite?
True
Is 410953 composite?
False
Is 9865 a prime number?
False
Is 254 a composite number?
True
Is 2215 composite?
True
Is 132477 a prime number?
False
Is 43009 a prime number?
False
Is 26821 a composite number?
False
Is 766589 prime?
False
Is 5051 a composite number?
False
Is 31469 composite?
False
Is 490649 a prime number?
False
Is 574601 composite?
True
Is 34313 a prime number?
True
Is 3547 a composite number?
False
Is 1165511 a composite number?
False
Is 446779 a composite number?
True
Is 116411 composite?
False
Is 862445 composite?
True
Is 1587283 a prime number?
True
Is 1397 a composite number?
True
Is 144323 composite?
False
Is 47599 a prime number?
True
Is 34433 composite?
True
Is 423853 composite?
False
Is 270689 composite?
False
Is 1214491 a prime number?
False
Is 293 a prime number?
True
Is 273881 a prime number?
True
Is 500755 prime?
False
Is 7639 prime?
True
Is 24241 a composite number?
True
Is 1837657 a prime number?
True
Is 7609 prime?
False
Is 8513 composite?
False
Is 463283 composite?
False
Is 9599 a prime number?
False
Is 5749 a composite number?
False
Is 859 prime?
True
Is 243259 composite?
False
Is 8903 a composite number?
True
Is 83901 prime?
False
Is 147841 a composite number?
True
Is 174649 a prime number?
True
Is 35797 a composite number?
False
Is 6977 a composite number?
False
Is 54533 a prime number?
False
Is 531771 a prime number?
False
Is 2903 composite?
False
Is 184349 a composite number?
True
Is 35537 a prime number?
True
Is 1696751 composite?
True
Is 19069 composite?
False
Is 126913 a composite number?
False
Is 352487 a prime number?
False
Is 641 a prime number?
True
Is 6599 a composite number?
False
Is 366455 a prime number?
False
Is 5213 a composite number?
True
Is 176179 prime?
True
Is 797 a composite number?
False
Is 444929 prime?
True
Is 294917 prime?
False
Is 313759 composite?
True
Is 1123 a prime number?
True
Is 120041 composite?
False
Is 1598447 a prime number?
True
Is 9601 composite?
False
Is 20249 a prime number?
True
Is 427007 a composite number?
True
Is 217081 a composite number?
False
Is 713 composite?
True
Is 9491 prime?
True
Is 101263 composite?
True
Is 972869 composite?
False
Is 9377 composite?
False
Is 5951 prime?
False
Is 102047 prime?
False
Is 2413 prime?
False
Is 1681 prime?
False
Is 41461 composite?
True
Is 1147 a composite number?
True
Is 928769 composite?
False
Is 1139729 a prime number?
False
Is 12371 prime?
False
Is 517 a prime number?
False
Is 136811 composite?
False
Is 107131 a composite number?
True
Is 22547 prime?
False
Is 68831 a prime number?
False
Is 53255 a prime number?
False
Is 140627 a composite number?
False
Is 1383149 prime?
False
Is 101641 a prime number?
True
Is 3263 composite?
True
Is 391 prime?
False
Is 331453 a prime number?
False
Is 360079 prime?
False
Is 661591 a prime number?
False
Is 1555 prime?
False
Is 150823 prime?
False
Is 5501 composite?
False
Is 455821 composite?
True
Is 326537 prime?
True
Is 27